st the prime factors of 22699398.
2, 3, 1777, 2129
What are the prime factors of 1398069?
3, 31, 5011
List the prime factors of 2635936.
2, 82373
List the prime factors of 254365.
5, 50873
What are the prime factors of 471241?
471241
What are the prime factors of 1514915?
5, 302983
List the prime factors of 13572537.
3, 11, 59, 6971
List the prime factors of 5062479.
3, 719, 2347
List the prime factors of 6325.
5, 11, 23
What are the prime factors of 4596389?
7, 23, 28549
List the prime factors of 297406.
2, 37, 4019
What are the prime factors of 1991192?
2, 7, 31, 37
List the prime factors of 755806.
2, 109, 3467
List the prime factors of 1204291.
11, 109481
What are the prime factors of 674607?
3, 224869
List the prime factors of 593839.
593839
List the prime factors of 264989.
193, 1373
What are the prime factors of 30217070?
2, 5, 13, 232439
What are the prime factors of 1377897?
3, 71, 6469
What are the prime factors of 113501?
113501
What are the prime factors of 2447318?
2, 773, 1583
List the prime factors of 6079623.
3, 11, 184231
What are the prime factors of 9761047?
2393, 4079
List the prime factors of 66649.
11, 73, 83
What are the prime factors of 518291?
518291
What are the prime factors of 501866?
2, 19, 47, 281
List the prime factors of 27672148.
2, 7, 29, 53, 643
What are the prime factors of 797317?
17, 46901
What are the prime factors of 1642692?
2, 3, 367, 373
What are the prime factors of 361204?
2, 73, 1237
What are the prime factors of 4272953?
43, 99371
What are the prime factors of 259650?
2, 3, 5, 577
What are the prime factors of 4196459?
4196459
List the prime factors of 2733876.
2, 3, 75941
What are the prime factors of 3063276?
2, 3, 85091
List the prime factors of 421404.
2, 3, 35117
What are the prime factors of 688637?
688637
List the prime factors of 17752340.
2, 5, 887617
What are the prime factors of 34636881?
3, 11545627
List the prime factors of 4671711.
3, 11, 47189
List the prime factors of 2793954.
2, 3, 465659
What are the prime factors of 994001?
239, 4159
List the prime factors of 197452.
2, 49363
List the prime factors of 2872847.
17, 168991
List the prime factors of 564964.
2, 141241
List the prime factors of 1252802.
2, 83, 7547
List the prime factors of 1846049.
23, 80263
List the prime factors of 1693508.
2, 19, 22283
What are the prime factors of 3104782?
2, 229, 6779
What are the prime factors of 1236765?
3, 5, 41, 2011
What are the prime factors of 9553322?
2, 331, 14431
What are the prime factors of 92574?
2, 3, 37, 139
What are the prime factors of 2835676?
2, 101, 7019
List the prime factors of 13123716.
2, 3, 47, 23269
List the prime factors of 21913139.
37, 47, 12601
What are the prime factors of 164883?
3, 17, 53, 61
List the prime factors of 1045957.
11, 95087
List the prime factors of 461854.
2, 29, 7963
List the prime factors of 17170771.
3191, 5381
List the prime factors of 3370410.
2, 3, 5, 19, 73
What are the prime factors of 316143?
3, 1301
List the prime factors of 7767.
3, 863
List the prime factors of 1168156.
2, 11, 139, 191
What are the prime factors of 2832793?
2832793
What are the prime factors of 1642695?
3, 5, 97, 1129
List the prime factors of 4571423.
4571423
What are the prime factors of 41972236?
2, 1303, 8053
List the prime factors of 464245.
5, 92849
List the prime factors of 340636.
2, 85159
List the prime factors of 980255.
5, 196051
List the prime factors of 172060.
2, 5, 7, 1229
List the prime factors of 40622036.
2, 7, 13, 111599
List the prime factors of 4087794.
2, 3, 401, 1699
What are the prime factors of 1233012?
2, 3, 11, 9341
What are the prime factors of 4342791?
3, 23, 62939
List the prime factors of 6084800.
2, 5, 3803
List the prime factors of 19353892.
2, 4838473
List the prime factors of 1060508.
2, 47, 5641
List the prime factors of 3871082.
2, 1935541
What are the prime factors of 218458?
2, 109229
List the prime factors of 9977008.
2, 623563
List the prime factors of 1830604.
2, 457651
List the prime factors of 14831897.
103, 143999
List the prime factors of 102510.
2, 3, 5, 17, 67
What are the prime factors of 23218962?
2, 3, 13, 109, 2731
What are the prime factors of 851012?
2, 31, 6863
List the prime factors of 2965996.
2, 11, 67409
List the prime factors of 196649.
29, 6781
What are the prime factors of 233616?
2, 3, 31, 157
List the prime factors of 1204057.
67, 17971
List the prime factors of 1040069.
1040069
What are the prime factors of 4387845?
3, 5, 7, 11, 29, 131
List the prime factors of 1306940.
2, 5, 101, 647
What are the prime factors of 299289?
3, 67, 1489
List the prime factors of 3282691.
3282691
What are the prime factors of 229241?
23, 9967
List the prime factors of 36037317.
3, 12012439
What are the prime factors of 428973?
3, 23, 6217
What are the prime factors of 339864?
2, 3, 7, 17
List the prime factors of 1568956.
2, 392239
What are the prime factors of 720605?
5, 167, 863
What are the prime factors of 17241502?
2, 17, 507103
What are the prime factors of 11007595?
5, 2201519
List the prime factors of 2435208.
2, 3, 101467
List the prime factors of 323468.
2, 193, 419
What are the prime factors of 5125878?
2, 3, 223, 1277
List the prime factors of 341547.
3, 17, 37, 181
What are the prime factors of 26290375?
5, 210323
What are the prime factors of 12275?
5, 491
List the prime factors of 1339713.
3, 29, 59
What are the prime factors of 2644983?
3, 11, 26717
What are the prime factors of 58740?
2, 3, 5, 11, 89
What are the prime factors of 5596001?
127, 139, 317
List the prime factors of 2668619.
2668619
List the prime factors of 849944.
2, 106243
List the prime factors of 6460551.
3, 19, 37781
List the prime factors of 9726138.
2, 3, 19, 28439
What are the prime factors of 96158?
2, 48079
What are the prime factors of 193862?
2, 96931
List the prime factors of 10776168.
2, 3, 13, 29, 397
List the prime factors of 37227.
3, 12409
List the prime factors of 1151410.
2, 5, 13, 17, 521
What are the prime factors of 402463?
127, 3169
What are the prime factors of 2142322?
2, 7, 13, 79, 149
What are the prime factors of 3267980?
2, 5, 53, 3083
What are the prime factors of 237202?
2, 7, 16943
List the prime factors of 264780.
2, 3, 5, 1471
List the prime factors of 3670074.
2, 3, 41, 4973
List the prime factors of 6162286.
2, 13, 237011
List the prime factors of 150080.
2, 5, 7, 67
What are the prime factors of 105457?
11, 9587
List the prime factors of 703318.
2, 7, 11, 4567
What are the prime factors of 492963?
3, 164321
List the prime factors of 1566040.
2, 5, 7, 17, 47
What are the prime factors of 572551?
7, 263, 311
List the prime factors of 8374995.
3, 5, 61, 113
List the prime factors of 65716.
2, 7, 2347
What are the prime factors of 1647971?
13, 109, 1163
List the prime factors of 6914709.
3, 768301
List the prime factors of 110014.
2, 67, 821
List the prime factors of 6192513.
3, 113, 6089
List the prime factors of 135430.
2, 5, 29, 467
List the prime factors of 5529055.
5, 7, 41, 3853
What are the prime factors of 9664378?
2, 71, 68059
What are the prime factors of 113498?
2, 7, 11, 67
List the prime factors of 211155.
3, 5, 7, 2011
What are the prime factors of 613018?
2, 7, 43787
What are the prime factors of 68257?
7, 199
List the prime factors of 11021036.
2, 13, 211943
List the prime factors of 3415804.
2, 7, 121993
List the prime factors of 2636673.
3, 13, 67607
List the prime factors of 1094349.
3, 37, 9859
List the prime factors of 954765.
3, 5, 7, 433
List the prime factors of 1334421.
3, 11, 4493
What are the prime factors of 8957428?
2, 2239357
List the prime factors of 14703008.
2, 459469
List the prime factors of 13521919.
17, 113, 7039
List the prime factors of 1166025.
3, 5, 7, 2221
What are the prime factors of 6544802?
2, 11, 521, 571
List the prime factors of 5125474.
2, 2562737
What are the prime factors of 14658549?
3, 37, 132059
List the prime factors of 3713598.
2, 3, 7, 29473
List the prime factors of 1003662.
2, 3, 11, 37, 137
List the prime factors of 1049870.
2, 5, 104987
What are the prime factors of 32297?
32297
List the prime factors of 1545477.
3, 79, 6521
List the prime factors of 1145055.
3, 5, 23, 3319
What are the prime factors of 51935?
5, 13, 17, 47
List the prime factors 